{"id":665,"date":"2025-08-04T11:53:50","date_gmt":"2025-08-04T11:53:50","guid":{"rendered":"https:\/\/osmanlipartisi.org.tr\/?page_id=665"},"modified":"2025-08-25T07:34:30","modified_gmt":"2025-08-25T07:34:30","slug":"bagis-yap-2","status":"publish","type":"page","link":"https:\/\/osmanlipartisi.org.tr\/?page_id=665","title":{"rendered":"Ba\u011f\u0131\u015f Yap."},"content":{"rendered":"\t\t<div data-elementor-type=\"wp-page\" data-elementor-id=\"665\" class=\"elementor elementor-665\">\n\t\t\t\t\t\t<section class=\"elementor-section elementor-top-section elementor-element elementor-element-78bf634 elementor-section-boxed elementor-section-height-default elementor-section-height-default\" data-id=\"78bf634\" data-element_type=\"section\">\n\t\t\t\t\t\t<div class=\"elementor-container elementor-column-gap-default\">\n\t\t\t\t\t<div class=\"elementor-column elementor-col-100 elementor-top-column elementor-element elementor-element-cc173a9\" data-id=\"cc173a9\" data-element_type=\"column\">\n\t\t\t<div class=\"elementor-widget-wrap elementor-element-populated\">\n\t\t\t\t\t\t<section class=\"elementor-section elementor-inner-section elementor-element elementor-element-ad1df27 elementor-section-content-middle elementor-section-boxed elementor-section-height-default elementor-section-height-default\" data-id=\"ad1df27\" data-element_type=\"section\">\n\t\t\t\t\t\t<div class=\"elementor-container elementor-column-gap-no\">\n\t\t\t\t\t<div class=\"elementor-column elementor-col-50 elementor-inner-column elementor-element elementor-element-0082c76\" data-id=\"0082c76\" data-element_type=\"column\">\n\t\t\t<div class=\"elementor-widget-wrap elementor-element-populated\">\n\t\t\t\t\t\t<div class=\"elementor-element elementor-element-7125e3e elementor-view-default elementor-widget elementor-widget-icon\" data-id=\"7125e3e\" data-element_type=\"widget\" data-widget_type=\"icon.default\">\n\t\t\t\t<div class=\"elementor-widget-container\">\n\t\t\t\t\t\t\t<div class=\"elementor-icon-wrapper\">\n\t\t\t<div class=\"elementor-icon\">\n\t\t\t<i aria-hidden=\"true\" class=\"fas fa-money-bill\"><\/i>\t\t\t<\/div>\n\t\t<\/div>\n\t\t\t\t\t\t<\/div>\n\t\t\t\t<\/div>\n\t\t\t\t<div class=\"elementor-element elementor-element-cf7d53a elementor-widget elementor-widget-heading\" data-id=\"cf7d53a\" data-element_type=\"widget\" data-widget_type=\"heading.default\">\n\t\t\t\t<div class=\"elementor-widget-container\">\n\t\t\t\t\t<h2 class=\"elementor-heading-title elementor-size-default\">EFT ile \u00d6de<\/h2>\t\t\t\t<\/div>\n\t\t\t\t<\/div>\n\t\t\t\t<div class=\"elementor-element elementor-element-c864d53 elementor-widget elementor-widget-text-editor\" data-id=\"c864d53\" data-element_type=\"widget\" data-widget_type=\"text-editor.default\">\n\t\t\t\t<div class=\"elementor-widget-container\">\n\t\t\t\t\t\t\t\t\t<p>Banka hesab\u0131m\u0131za EFT yaparak ba\u011f\u0131\u015f yapabilirsiniz.<\/p>\t\t\t\t\t\t\t\t<\/div>\n\t\t\t\t<\/div>\n\t\t\t\t\t<\/div>\n\t\t<\/div>\n\t\t\t\t<div class=\"elementor-column elementor-col-50 elementor-inner-column elementor-element elementor-element-e18f6b0\" data-id=\"e18f6b0\" data-element_type=\"column\">\n\t\t\t<div class=\"elementor-widget-wrap elementor-element-populated\">\n\t\t\t\t\t\t<div class=\"elementor-element elementor-element-869de6a elementor-view-default elementor-widget elementor-widget-icon\" data-id=\"869de6a\" data-element_type=\"widget\" data-widget_type=\"icon.default\">\n\t\t\t\t<div class=\"elementor-widget-container\">\n\t\t\t\t\t\t\t<div class=\"elementor-icon-wrapper\">\n\t\t\t<a class=\"elementor-icon\" href=\"https:\/\/osmanlipartisi.org.tr\/?post_type=give_forms&#038;p=847\">\n\t\t\t<i aria-hidden=\"true\" class=\"fas fa-money-check\"><\/i>\t\t\t<\/a>\n\t\t<\/div>\n\t\t\t\t\t\t<\/div>\n\t\t\t\t<\/div>\n\t\t\t\t<div class=\"elementor-element elementor-element-c9d8eee elementor-widget elementor-widget-heading\" data-id=\"c9d8eee\" data-element_type=\"widget\" data-widget_type=\"heading.default\">\n\t\t\t\t<div class=\"elementor-widget-container\">\n\t\t\t\t\t<h2 class=\"elementor-heading-title elementor-size-default\"><a href=\"https:\/\/osmanlipartisi.org.tr\/?post_type=give_forms&#038;p=847\">Kredi Kart\u0131 ile \u00d6de<\/a><\/h2>\t\t\t\t<\/div>\n\t\t\t\t<\/div>\n\t\t\t\t<div class=\"elementor-element elementor-element-22766f6 elementor-widget elementor-widget-text-editor\" data-id=\"22766f6\" data-element_type=\"widget\" data-widget_type=\"text-editor.default\">\n\t\t\t\t<div class=\"elementor-widget-container\">\n\t\t\t\t\t\t\t\t\t<p>Kredi kart\u0131n\u0131zla g\u00fcvenli bir \u015fekilde ba\u011f\u0131\u015f yapabilirsiniz.<\/p>\t\t\t\t\t\t\t\t<\/div>\n\t\t\t\t<\/div>\n\t\t\t\t\t<\/div>\n\t\t<\/div>\n\t\t\t\t\t<\/div>\n\t\t<\/section>\n\t\t\t\t\t<\/div>\n\t\t<\/div>\n\t\t\t\t\t<\/div>\n\t\t<\/section>\n\t\t\t\t<section class=\"elementor-section elementor-top-section elementor-element elementor-element-f72be86 elementor-section-boxed elementor-section-height-default elementor-section-height-default\" data-id=\"f72be86\" data-element_type=\"section\">\n\t\t\t\t\t\t<div class=\"elementor-container elementor-column-gap-default\">\n\t\t\t\t\t<div class=\"elementor-column elementor-col-100 elementor-top-column elementor-element elementor-element-20246c3\" data-id=\"20246c3\" data-element_type=\"column\">\n\t\t\t<div class=\"elementor-widget-wrap elementor-element-populated\">\n\t\t\t\t\t\t<div class=\"elementor-element elementor-element-9c2d928 elementor-widget elementor-widget-heading\" data-id=\"9c2d928\" data-element_type=\"widget\" data-widget_type=\"heading.default\">\n\t\t\t\t<div class=\"elementor-widget-container\">\n\t\t\t\t\t<h2 class=\"elementor-heading-title elementor-size-default\">Banka Bilgileri<\/h2>\t\t\t\t<\/div>\n\t\t\t\t<\/div>\n\t\t\t\t<div class=\"elementor-element elementor-element-9e90c9d elementor-widget elementor-widget-text-editor\" data-id=\"9e90c9d\" data-element_type=\"widget\" data-widget_type=\"text-editor.default\">\n\t\t\t\t<div class=\"elementor-widget-container\">\n\t\t\t\t\t\t\t\t\t<p>Partimizin a\u015fa\u011f\u0131da yer alan banka hesap numaras\u0131na ba\u011f\u0131\u015fta bulunabilirsiniz. Osmanl\u0131 Partisi Genel Merkezi Banka Hesap Bilgileri<\/p>\t\t\t\t\t\t\t\t<\/div>\n\t\t\t\t<\/div>\n\t\t\t\t\t<\/div>\n\t\t<\/div>\n\t\t\t\t\t<\/div>\n\t\t<\/section>\n\t\t\t\t<section class=\"elementor-section elementor-top-section elementor-element elementor-element-8bb1c15 elementor-section-boxed elementor-section-height-default elementor-section-height-default\" data-id=\"8bb1c15\" data-element_type=\"section\">\n\t\t\t\t\t\t<div class=\"elementor-container elementor-column-gap-default\">\n\t\t\t\t\t<div class=\"elementor-column elementor-col-50 elementor-top-column elementor-element elementor-element-c8dd2b3\" data-id=\"c8dd2b3\" data-element_type=\"column\">\n\t\t\t<div class=\"elementor-widget-wrap elementor-element-populated\">\n\t\t\t\t\t\t<div class=\"elementor-element elementor-element-9c7c599 elementor-widget elementor-widget-text-editor\" data-id=\"9c7c599\" data-element_type=\"widget\" data-widget_type=\"text-editor.default\">\n\t\t\t\t<div class=\"elementor-widget-container\">\n\t\t\t\t\t\t\t\t\t<p><strong>Banka:<\/strong>Ziraat Bankas\u0131 Balgat \u015eubesi<\/p><p><strong>T\u00fcr:<\/strong> T\u00fcrk Liras\u0131 Hesab\u0131<\/p><p><strong>\u0130ban:<\/strong> TR44 0001 0013 9591 1206 9050 01<\/p><p><strong>\u015eube Kodu:<\/strong> 1395<\/p><p><strong>Hesap Ad\u0131:<\/strong> Osmanl\u0131 Partisi Genel Merkezi<\/p><p><strong>Hesap No:<\/strong> 91120690 &#8211; 5001<\/p><p><b>Havale &amp; EFT A\u00e7\u0131klamas\u0131:<\/b> Ba\u011f\u0131\u015f<\/p><p>&#8212;&#8212;&#8212;&#8212;&#8212;&#8212;&#8212;&#8212;&#8212;&#8212;&#8212;-<\/p><p><strong>Banka:<\/strong>Ziraat Bankas\u0131 Balgat \u015eubesi<\/p><p><strong>T\u00fcr:<\/strong> EUR Hesab\u0131<\/p><p><strong>\u0130ban:<\/strong> TR170001001395911206905002<\/p><p><strong>\u015eube Kodu:<\/strong> 1395<\/p><p><strong>Hesap Ad\u0131:<\/strong> Osmanl\u0131 Partisi Genel Merkezi<\/p><p><strong>Hesap No:<\/strong>\u00a01395911206905002<\/p><p><span style=\"font-style: normal; font-variant-ligatures: normal; font-variant-caps: normal; font-weight: bold; font-size: 16px; font-family: Inter, sans-serif;\">Havale &amp; EFT A\u00e7\u0131klamas\u0131:<\/span><span style=\"font-family: Inter, sans-serif; font-size: 16px; font-style: normal; font-variant-ligatures: normal; font-variant-caps: normal; font-weight: 400;\">\u00a0Ba\u011f\u0131\u015f<\/span><\/p><p>&#8212;&#8212;&#8212;&#8212;&#8212;&#8212;&#8212;&#8212;&#8212;&#8212;&#8212;-<\/p><p><strong>Banka:<\/strong>Ziraat Bankas\u0131 Balgat \u015eubesi<\/p><p><strong>T\u00fcr:<\/strong> USD Hesab\u0131<\/p><p><strong>\u0130ban:<\/strong> TR870001001395911206905003<\/p><p><strong>\u015eube Kodu:<\/strong> 1395<\/p><p><strong>Hesap Ad\u0131:<\/strong> Osmanl\u0131 Partisi Genel Merkezi<\/p><p><strong>Hesap No:<\/strong>\u00a0<span style=\"font-family: Inter, sans-serif; font-size: 16px; font-style: normal; font-variant-ligatures: normal; font-variant-caps: normal; font-weight: 400;\">1395911206905003<\/span><\/p><p><span style=\"font-style: normal; font-variant-ligatures: normal; font-variant-caps: normal; font-weight: bold; font-size: 16px; font-family: Inter, sans-serif;\">Havale &amp; EFT A\u00e7\u0131klamas\u0131:<\/span><span style=\"font-family: Inter, sans-serif; font-size: 16px; font-style: normal; font-variant-ligatures: normal; font-variant-caps: normal; font-weight: 400;\">\u00a0Ba\u011f\u0131\u015f<\/span><\/p>\t\t\t\t\t\t\t\t<\/div>\n\t\t\t\t<\/div>\n\t\t\t\t\t<\/div>\n\t\t<\/div>\n\t\t\t\t<div class=\"elementor-column elementor-col-50 elementor-top-column elementor-element elementor-element-86fc6c3\" data-id=\"86fc6c3\" data-element_type=\"column\">\n\t\t\t<div class=\"elementor-widget-wrap elementor-element-populated\">\n\t\t\t\t\t\t<section class=\"elementor-section elementor-inner-section elementor-element elementor-element-ba941ce elementor-section-boxed elementor-section-height-default elementor-section-height-default\" data-id=\"ba941ce\" data-element_type=\"section\">\n\t\t\t\t\t\t<div class=\"elementor-container elementor-column-gap-default\">\n\t\t\t\t\t<div class=\"elementor-column elementor-col-100 elementor-inner-column elementor-element elementor-element-879d7ad\" data-id=\"879d7ad\" data-element_type=\"column\">\n\t\t\t<div class=\"elementor-widget-wrap elementor-element-populated\">\n\t\t\t\t\t\t<div class=\"elementor-element elementor-element-a15c29c elementor-widget elementor-widget-text-editor\" data-id=\"a15c29c\" data-element_type=\"widget\" data-widget_type=\"text-editor.default\">\n\t\t\t\t<div class=\"elementor-widget-container\">\n\t\t\t\t\t\t\t\t\t<p><strong>Banka: <\/strong>Garanti Bankas\u0131 Sincan \u015eubesi<\/p><p><strong>T\u00fcr:<\/strong> TL Hesab\u0131<\/p><p><strong>\u0130ban:<\/strong> TR160006200046500006290304<\/p><p><strong>\u015eube Kodu:<\/strong> 465<\/p><p><strong>Hesap Ad\u0131:<\/strong> Osmanl\u0131 Partisi Genel Merkezi<\/p><p><strong>Hesap No:<\/strong>\u00a0<span style=\"font-family: Inter, sans-serif; font-size: 16px; font-style: normal; font-variant-ligatures: normal; font-variant-caps: normal; font-weight: 400;\">6290304<\/span><\/p><p><span style=\"font-style: normal; font-variant-ligatures: normal; font-variant-caps: normal; font-weight: bold; font-size: 16px; font-family: Inter, sans-serif;\">Havale &amp; EFT A\u00e7\u0131klamas\u0131:<\/span><span style=\"font-family: Inter, sans-serif; font-size: 16px; font-style: normal; font-variant-ligatures: normal; font-variant-caps: normal; font-weight: 400;\">\u00a0Ba\u011f\u0131\u015f<\/span><\/p><p>&#8212;&#8212;&#8212;&#8212;&#8212;&#8212;&#8212;&#8212;&#8212;&#8212;&#8212;-<\/p><p><strong>Banka: <\/strong>Garanti Bankas\u0131 Sincan \u015eubesi<\/p><p><strong>T\u00fcr:<\/strong> USD Hesab\u0131<\/p><p><strong>\u0130ban:<\/strong> TR020006200046500009072128<\/p><p><strong>\u015eube Kodu:<\/strong> 465<\/p><p><strong>Hesap Ad\u0131:<\/strong> Osmanl\u0131 Partisi Genel Merkezi<\/p><p><strong>Hesap No:<\/strong>\u00a0<span style=\"font-family: Inter, sans-serif; font-size: 16px; font-style: normal; font-variant-ligatures: normal; font-variant-caps: normal; font-weight: 400;\">9072128<\/span><\/p><p><span style=\"font-style: normal; font-variant-ligatures: normal; font-variant-caps: normal; font-weight: bold; font-size: 16px; font-family: Inter, sans-serif;\">Havale &amp; EFT A\u00e7\u0131klamas\u0131:<\/span><span style=\"font-family: Inter, sans-serif; font-size: 16px; font-style: normal; font-variant-ligatures: normal; font-variant-caps: normal; font-weight: 400;\">\u00a0Ba\u011f\u0131\u015f<\/span><\/p><p>&#8212;&#8212;&#8212;&#8212;&#8212;&#8212;&#8212;&#8212;&#8212;&#8212;&#8212;-<\/p><p><strong>Banka: <\/strong>Garanti Bankas\u0131 Sincan \u015eubesi<\/p><p><strong>T\u00fcr:<\/strong> EUR Hesab\u0131<\/p><p><strong>\u0130ban:<\/strong> TR290006200046500009072127<\/p><p><strong>\u015eube Kodu:<\/strong> 465<\/p><p><strong>Hesap Ad\u0131:<\/strong> Osmanl\u0131 Partisi Genel Merkezi<\/p><p><strong>Hesap No:<\/strong>\u00a0<span style=\"font-family: Inter, sans-serif; font-size: 16px; font-style: normal; font-variant-ligatures: normal; font-variant-caps: normal; font-weight: 400;\">9072127<\/span><\/p><p><span style=\"font-style: normal; font-variant-ligatures: normal; font-variant-caps: normal; font-weight: bold; font-size: 16px; font-family: Inter, sans-serif;\">Havale &amp; EFT A\u00e7\u0131klamas\u0131:<\/span><span style=\"font-family: Inter, sans-serif; font-size: 16px; font-style: normal; font-variant-ligatures: normal; font-variant-caps: normal; font-weight: 400;\">\u00a0Ba\u011f\u0131\u015f<\/span><\/p><p>&#8212;&#8212;&#8212;&#8212;&#8212;&#8212;&#8212;&#8212;&#8212;&#8212;&#8212;-<\/p><p><strong>Banka: <\/strong>Garanti Bankas\u0131 Sincan \u015eubesi<\/p><p><strong>T\u00fcr:<\/strong> CHF Hesab\u0131<\/p><p><strong>\u0130ban:<\/strong> TR560006200046500009072126<\/p><p><strong>\u015eube Kodu:<\/strong> 465<\/p><p><strong>Hesap Ad\u0131:<\/strong> Osmanl\u0131 Partisi Genel Merkezi<\/p><p><strong>Hesap No:<\/strong>\u00a0<span style=\"font-family: Inter, sans-serif; font-size: 16px; font-style: normal; font-variant-ligatures: normal; font-variant-caps: normal; font-weight: 400;\">9072126<\/span><\/p><p><span style=\"font-style: normal; font-variant-ligatures: normal; font-variant-caps: normal; font-weight: bold; font-size: 16px; font-family: Inter, sans-serif;\">Havale &amp; EFT A\u00e7\u0131klamas\u0131:<\/span><span style=\"font-family: Inter, sans-serif; font-size: 16px; font-style: normal; font-variant-ligatures: normal; font-variant-caps: normal; font-weight: 400;\">\u00a0Ba\u011f\u0131\u015f<\/span><\/p><p>&#8212;&#8212;&#8212;&#8212;&#8212;&#8212;&#8212;&#8212;&#8212;&#8212;&#8212;-<\/p><p><strong>Banka: <\/strong>Garanti Bankas\u0131 Sincan \u015eubesi<\/p><p><strong>T\u00fcr:<\/strong> GBP Hesab\u0131<\/p><p><strong>\u0130ban:<\/strong> TR830006200046500009072125<\/p><p><strong>\u015eube Kodu:<\/strong> 465<\/p><p><strong>Hesap Ad\u0131:<\/strong> Osmanl\u0131 Partisi Genel Merkezi<\/p><p><strong>Hesap No:<\/strong>\u00a0<span style=\"font-family: Inter, sans-serif; font-size: 16px; font-style: normal; font-variant-ligatures: normal; font-variant-caps: normal; font-weight: 400;\">9072125<\/span><\/p><p><span style=\"font-style: normal; font-variant-ligatures: normal; font-variant-caps: normal; font-weight: bold; font-size: 16px; font-family: Inter, sans-serif;\">Havale &amp; EFT A\u00e7\u0131klamas\u0131:<\/span><span style=\"font-family: Inter, sans-serif; font-size: 16px; font-style: normal; font-variant-ligatures: normal; font-variant-caps: normal; font-weight: 400;\">\u00a0Ba\u011f\u0131\u015f<\/span><\/p>\t\t\t\t\t\t\t\t<\/div>\n\t\t\t\t<\/div>\n\t\t\t\t\t<\/div>\n\t\t<\/div>\n\t\t\t\t\t<\/div>\n\t\t<\/section>\n\t\t\t\t\t<\/div>\n\t\t<\/div>\n\t\t\t\t\t<\/div>\n\t\t<\/section>\n\t\t\t\t<section class=\"elementor-section elementor-top-section elementor-element elementor-element-bf88565 elementor-section-boxed elementor-section-height-default elementor-section-height-default\" data-id=\"bf88565\" data-element_type=\"section\">\n\t\t\t\t\t\t<div class=\"elementor-container elementor-column-gap-default\">\n\t\t\t\t\t<div class=\"elementor-column elementor-col-100 elementor-top-column elementor-element elementor-element-6278002\" data-id=\"6278002\" data-element_type=\"column\">\n\t\t\t<div class=\"elementor-widget-wrap elementor-element-populated\">\n\t\t\t\t\t\t<div class=\"elementor-element elementor-element-3a51a5d elementor-widget elementor-widget-heading\" data-id=\"3a51a5d\" data-element_type=\"widget\" data-widget_type=\"heading.default\">\n\t\t\t\t<div class=\"elementor-widget-container\">\n\t\t\t\t\t<h2 class=\"elementor-heading-title elementor-size-default\">Yasal Bilgilendirme<\/h2>\t\t\t\t<\/div>\n\t\t\t\t<\/div>\n\t\t\t\t<div class=\"elementor-element elementor-element-161b0c4 elementor-widget elementor-widget-text-editor\" data-id=\"161b0c4\" data-element_type=\"widget\" data-widget_type=\"text-editor.default\">\n\t\t\t\t<div class=\"elementor-widget-container\">\n\t\t\t\t\t\t\t\t\t<ul class=\"donation_warning\"><li><strong>\u00d6nemli Not:\u00a0<\/strong>Siyasi partilere yap\u0131lacak ba\u011f\u0131\u015flar\u0131n \u00fcst limiti, ilgili mevzuata g\u00f6re 2025 y\u0131l\u0131 i\u00e7in ki\u015fi ba\u015f\u0131 505.387,63\u202fTL TL olarak belirlenmi\u015ftir.<\/li><\/ul><ul class=\"donation_warning\"><li><strong>*Y\u0131ll\u0131k Ba\u011f\u0131\u015f Limiti:<\/strong>\u00a02820 say\u0131l\u0131 Siyasi Partiler Kanunun BA\u011eI\u015eLAR ile ilgili 66. maddesinde belirtildi\u011fi \u015fekilde; \u201cGer\u00e7ek ve t\u00fczel ki\u015filerin her biri bir siyasi partiye ayn\u0131 y\u0131l i\u00e7erisinde Kanununda belirtilen limit dahilinde ba\u011f\u0131\u015fta bulunabilir\u201d.<\/li><li><strong>**Partinin Gelir Kaynaklar\u0131:<\/strong>\u00a0Partimizin gelirleri ve gelir kaynaklar\u0131 Siyasi Partiler Kanununun 61 ila 68. maddeleri ile 110. maddesinde belirtilenlerden olu\u015fur. Bu gelirler Siyasi Partiler Kanununun 69. maddesinde belirtilen usullerle elde edilir.<\/li><\/ul>\t\t\t\t\t\t\t\t<\/div>\n\t\t\t\t<\/div>\n\t\t\t\t\t<\/div>\n\t\t<\/div>\n\t\t\t\t\t<\/div>\n\t\t<\/section>\n\t\t\t\t<section class=\"elementor-section elementor-top-section elementor-element elementor-element-503d774 elementor-section-boxed elementor-section-height-default elementor-section-height-default\" data-id=\"503d774\" data-element_type=\"section\">\n\t\t\t\t\t\t<div class=\"elementor-container elementor-column-gap-default\">\n\t\t\t\t\t<div class=\"elementor-column elementor-col-100 elementor-top-column elementor-element elementor-element-5ce3987\" data-id=\"5ce3987\" data-element_type=\"column\">\n\t\t\t<div class=\"elementor-widget-wrap elementor-element-populated\">\n\t\t\t\t\t\t<div class=\"elementor-element elementor-element-a5d1bd4 elementor-widget elementor-widget-spacer\" data-id=\"a5d1bd4\" data-element_type=\"widget\" data-widget_type=\"spacer.default\">\n\t\t\t\t<div class=\"elementor-widget-container\">\n\t\t\t\t\t\t\t<div class=\"elementor-spacer\">\n\t\t\t<div class=\"elementor-spacer-inner\"><\/div>\n\t\t<\/div>\n\t\t\t\t\t\t<\/div>\n\t\t\t\t<\/div>\n\t\t\t\t\t<\/div>\n\t\t<\/div>\n\t\t\t\t\t<\/div>\n\t\t<\/section>\n\t\t\t\t<\/div>\n\t\t","protected":false},"excerpt":{"rendered":"<p>EFT ile \u00d6de Banka hesab\u0131m\u0131za EFT yaparak ba\u011f\u0131\u015f yapabilirsiniz. Kredi Kart\u0131 ile \u00d6de Kredi kart\u0131n\u0131zla g\u00fcvenli bir \u015fekilde ba\u011f\u0131\u015f yapabilirsiniz. Banka Bilgileri Partimizin a\u015fa\u011f\u0131da yer alan banka hesap numaras\u0131na ba\u011f\u0131\u015fta bulunabilirsiniz. Osmanl\u0131 Partisi Genel Merkezi Banka Hesap Bilgileri Banka:Ziraat Bankas\u0131 Balgat \u015eubesi T\u00fcr: T\u00fcrk Liras\u0131 Hesab\u0131 \u0130ban: TR44 0001 0013 9591 1206 9050 01 \u015eube [&hellip;]<\/p>\n","protected":false},"author":1,"featured_media":0,"parent":0,"menu_order":0,"comment_status":"closed","ping_status":"closed","template":"","meta":{"give_campaign_id":0,"jnews_page_loop":[],"jnews_single_page":[],"jnews_social_meta":[],"footnotes":""},"class_list":["post-665","page","type-page","status-publish","hentry"],"campaignId":"","_links":{"self":[{"href":"https:\/\/osmanlipartisi.org.tr\/index.php?rest_route=\/wp\/v2\/pages\/665","targetHints":{"allow":["GET"]}}],"collection":[{"href":"https:\/\/osmanlipartisi.org.tr\/index.php?rest_route=\/wp\/v2\/pages"}],"about":[{"href":"https:\/\/osmanlipartisi.org.tr\/index.php?rest_route=\/wp\/v2\/types\/page"}],"author":[{"embeddable":true,"href":"https:\/\/osmanlipartisi.org.tr\/index.php?rest_route=\/wp\/v2\/users\/1"}],"replies":[{"embeddable":true,"href":"https:\/\/osmanlipartisi.org.tr\/index.php?rest_route=%2Fwp%2Fv2%2Fcomments&post=665"}],"version-history":[{"count":62,"href":"https:\/\/osmanlipartisi.org.tr\/index.php?rest_route=\/wp\/v2\/pages\/665\/revisions"}],"predecessor-version":[{"id":873,"href":"https:\/\/osmanlipartisi.org.tr\/index.php?rest_route=\/wp\/v2\/pages\/665\/revisions\/873"}],"wp:attachment":[{"href":"https:\/\/osmanlipartisi.org.tr\/index.php?rest_route=%2Fwp%2Fv2%2Fmedia&parent=665"}],"curies":[{"name":"wp","href":"https:\/\/api.w.org\/{rel}","templated":true}]}}